ctors of d.
2, 19
Suppose -5*q - 12 = -112. Let j be -4*(2 - 55/q). Suppose 5*d = -2*i + 122, -j*i + 5*d + 133 = -0*d. What are the prime factors of i?
3, 17
Let r(c) = -c**3 - 6*c**2 + 8*c + 9. Let k be r(-7). Suppose -t = t + k*f - 8, 2*f = 0. List the prime factors of (10*t)/((-6)/(-6)).
2, 5
What are the prime factors of (10/20)/(6/(-4))*-1011?
337
Let q be (-8)/40 + 26/5. Let c be 511/q + (-4)/20. Let r = -58 + c. What are the prime factors of r?
2, 11
Let a = 41 - -263. Suppose z = -2*x + a, -z = -4*z. What are the prime factors of x?
2, 19
Let a = -144 - -147. Suppose -t = p - 195, a*t + 951 = 11*p - 6*p. List the prime factors of p.
2, 3
Let y = 26 - 27. Let r be 5*3/(-15)*y. What are the prime factors of -18 - -51 - 4*r?
29
Suppose q = -4*k - 20, 4*q = -k - k - 52. Let g = q + 38. List the prime factors of g.
2, 13
Let c(a) = a + 89. List the prime factors of c(9).
2, 7
Suppose -6*m + 3211 = 7*m. List the prime factors of m.
13, 19
Let s be -2*1/(-2) - -4. Suppose -y = -3*c + 2*c - 4, 2*y + 2*c - 4 = 0. Suppose y*x = -s*j + 350, 2*j - 109 = 2*x + 3*x. List the prime factors of j.
67
Let q = 3 + -5. Let c = -83 - -85. What are the prime factors of q - (-3 - (c - -14))?
17
Let v(n) = -n**2 - 6*n + 8. Let l be v(-6). Suppose 3*q = -2*j - 26, j = 5*q + l + 5. List the prime factors of (64/(-56))/(1/j).
2
Let k(w) = 5*w**2 + 12*w - 32. Let j be k(5). Suppose -j = -8*n + 119. What are the prime factors of n?
2, 17
Let t = 83 + -80. Suppose 0 = t*n + 4*n - 1568. What are the prime factors of n?
2, 7
Let u(n) = -16*n - 13. Let k be u(-9). Suppose -3*f - 117 - 10 = -5*j, 5*j + f - k = 0. What are the prime factors of j?
2, 13
Suppose 1043 = -8*y + 3043. List the prime factors of y.
2, 5
Let l be (-534)/(-15) - 8/(-20). Suppose -b + 4*b + l = 0. List the prime factors of (-1 - -63) + (b - -11).
61
Suppose -4*r = 8, -2955 = -4*l + 2*r + 1009. What are the prime factors of l?
2, 3, 5, 11
Let k(q) = 45*q**2 + 2*q + 2. Let m be k(-1). Let z = -27 + m. Let r = z + -10. List the prime factors of r.
2
Suppose 0*t = 4*k - 3*t + 20, -4*k - 16 = -4*t. Let s(a) = a**3 + 7*a**2 - 12*a - 8. What are the prime factors of s(k)?
2, 3
Let n(g) = 2*g**2 - 22*g - 13. Suppose -13*p + 107 = -75. List the prime factors of n(p).
71
Let x = -4 + 0. Let u be 3/x - 46/(-8). List the prime factors of (-4)/10 - (-57)/u.
11
Let i = 1244 + 479. List the prime factors of i.
1723
Let k = -39 + 43. Suppose -3*r + 441 = k*r. What are the prime factors of r?
3, 7
Suppose -20*o + 22*o = 2*i + 8700, 8712 = 2*o + 2*i. List the prime factors of o.
3, 1451
Let r = -2664 + 4077. What are the prime factors of r?
3, 157
What are the prime factors of 3724072/2095 + (-1 - 7/(-5))?
2, 7, 127
Let u be ((-72)/90)/(2/(-365)). Suppose h + u + 82 = 0. List the prime factors of -2*h/8*1.
3, 19
Suppose 0 = 67*t - 23*t - 45408. List the prime factors of t.
2, 3, 43
Suppose -26*m - 8 = -24*m. What are the prime factors of (-165)/22*m/3?
2, 5
What are the prime factors of 324*(5/5 + (-1)/2)?
2, 3
Let j = -30 - -29. List the prime factors of (16/12 + j)*-3 - -100.
3, 11
Let x(s) = -5*s**3 - 11*s**2 + 10*s + 659. Let a(p) = -p**3 - 2*p**2 + 2*p + 132. Let y(v) = 11*a(v) - 2*x(v). What are the prime factors of y(0)?
2, 67
Let w be (-4 - (2 + -333)) + -2 - 3. Let n = w + -50. List the prime factors of n.
2, 17
Let r be 16/(-40) + 32/5. Let w be (-2)/4*r/(-1). Suppose -p - 3 = 0, -w*b + 0*b - 4*p + 45 = 0. List the prime factors of b.
19
Let n(o) = 2*o**3 - 26*o**2 + 17*o - 108. List the prime factors of n(15).
3, 349
Let p(d) = d**3 - 3*d**2 + 3*d + 13. List the prime factors of p(6).
139
Suppose 5*j - 343 = 337. Let x = 13 + -8. Suppose -i - i = -x*r + j, 4*r = -i + 114. What are the prime factors of r?
2, 7
Suppose 53*y + 11352 = 86*y. List the prime factors of y.
2, 43
Let l = -41 + 74. Let d = l - 30. What are the prime factors of d?
3
Let d = 4 + -9. List the prime factors of 831/15 - (-2)/d.
5, 11
Let m be (-1288)/(-10) + (-6)/(-30). Let v = 69 + m. Suppose v = 5*u + 4*p, 4*u - 112 = p + 38. What are the prime factors of u?
2, 19
Let q(k) = 233*k - 3. Let p be q(-1). Let s = p + 405. What are the prime factors of s?
13
Let b(l) = -2*l**2 + 8*l - 2. Let z be b(6). Let s be (z + -2)*(-2 + 1). Suppose 32 = 5*p - s. What are the prime factors of p?
2, 3
Let k(p) = -6*p**3 + 577 - 10*p - 2*p**2 + 0*p - 589. What are the prime factors of k(-3)?
2, 3
Suppose -2*s + 27 = 5. Suppose 0 = -2*z - s + 3. Let c = z + 20. List the prime factors of c.
2
Let x(y) = -13*y**3 + 23*y**2 - 12*y + 10. Let n(f) = -20*f**3 + 35*f**2 - 18*f + 15. Let v(a) = 5*n(a) - 8*x(a). List the prime factors of v(4).
131
Let d(f) be the third derivative of -f**6/120 + f**5/6 - 23*f**4/24 + 7*f**3/6 - 33*f**2. What are the prime factors of d(6)?
13
Let x(o) be the second derivative of o**4/6 + 2*o**3 - 22*o**2 - 8*o. List the prime factors of x(9).
2, 113
Let w be (-4)/(-10) - (-210)/(-25). Let h be -2 + 2 + (-137 - w). Let t = h - -189. List the prime factors of t.
2, 3, 5
Let i(j) = -j - 7. Let r be i(-10). Suppose r*s - 2*s + 7 = 3*b, 3*s + 4*b + 8 = 0. List the prime factors of ((-189)/18)/(1/s).
2, 3, 7
Let g(k) = -3*k**2 + 3*k + 14. Let x(l) = 4*l**2 - 2*l - 13. Let t(z) = -3*g(z) - 2*x(z). What are the prime factors of t(-5)?
2, 17
Let y(p) = -p**2 + 4*p + 7. Let i be y(3). Let z be (4 + -1)*(3 + -4). Let s = i + z. What are the prime factors of s?
7
Let t be (-1)/10*-6*5. Suppose -t*a = -3*n + 99, 0*n + 87 = -2*a - 5*n. Let k = a + 50. What are the prime factors of k?
2, 7
Let z(i) = i**3 + 13*i**2 + 13*i + 10. Let h be z(-12). What are the prime factors of h*(3 + (-75)/6)?
19
Suppose 5*j - 18 = 4*g, -5*j + 4 = g - 4. What are the prime factors of 5 + 107 - (g - -2)?
2, 7
Suppose -z + 15 = 12. Suppose x - c = 33, 0 = -3*x + 2*c + z*c + 105. List the prime factors of x.
2, 3, 5
Let k(w) = 646*w**2 - 4*w - 1. What are the prime factors of k(1)?
641
Let c = 144 - 9. Suppose 4*l + 2*w = -0*l + 182, -3*w + c = 3*l. List the prime factors of l.
2, 23
Let b be (5/(-4))/(4/(-80)). Suppose x + 4*t = -t + b, 5*t - 35 = -3*x. Suppose 3*j - 4*c = -0*j + 80, x = 5*c. What are the prime factors of j?
2, 7
What are the prime factors of ((-4)/(-10))/(4*(-8)/(-20480))?
2
List the prime factors of (-2*105/14)/((-9)/411).
5, 137
Suppose -l + h = 15, -l - 2*h = -2*l - 20. Let p = 11 + l. Let c(i) = 5*i**2 + 1. What are the prime factors of c(p)?
2, 3
List the prime factors of 2 + 7 + -2 + 288.
5, 59
Let a be (-1)/2*24/(-3). Suppose 0 = 3*d - 4*d + 23. Suppose u + 2*z = -3*u + 38, d = a*u - 3*z. List the prime factors of u.
2
Suppose -2 = -b - 0. Suppose -w + 9 = b*w. Let n(l) = -l**3 + 7*l**2 - 1. List the prime factors of n(w).
5, 7
Suppose -2*o = 2*p - 1558, 2*o = -3*p + 1693 - 134. What are the prime factors of o?
2, 389
Suppose -37*d + 26*d = -19184. What are the prime factors of d?
2, 109
Let b be 1/((-1)/(-4)) - 28. Let a be ((-1)/(-2))/((-6)/b). Suppose 0 - 4 = -a*p. What are the prime factors of p?
2
Let k(v) = -7*v - 10. Let j be (-56)/6 + (-2)/3. Let d be k(j). Suppose -2*r = 5*n - d, -2*n - 2 = -10. What are the prime factors of r?
2, 5
Suppose 14*q - 15 = 9*q + 5*i, -5*i = -4*q + 9. What are the prime factors of q?
2, 3
Let l(s) = s**3 - 7*s**2 + 11*s - 3. Let v be l(6). Let j = v + 65. List the prime factors of j.
2, 23
Let n(y) = 80*y - 405. What are the prime factors of n(19)?
5, 223
Let k(t) = -14*t - 59. What are the prime factors of k(-26)?
5, 61
Suppose -20 = -4*l + 16. List the prime factors of 2/l + 2472/54.
2, 23
Let p(l) = -l**2 - 15 - 35*l - 4 + 19*l. List the prime factors of p(-12).
29
Let u = 35 + -55. What are the prime factors of -1 + 47/2 + (-30)/u?
2, 3
Suppose 0 = -0*z - 4*z + 20. Suppose z*s - 1413 = -4*s. List the prime factors of s.
157
Let d(v) be the second derivative of -v**4/12 + 7*v**3/2 - 8*v**2 - 28*v. What are the prime factors of d(15)?
2, 37
Let p be 10 - (4/1)/2. Suppose 0 = p*u - 117 - 35. List the prime factors of u.
19
Suppose 0 = -q - 2*o - 6, -29 - 11 = 5*q + 5*o. Let c(v) = 3*v**2 + 7*v + 13. What are the prime factors of c(q)?
3
Suppose -22 = -2*c + 4*c. Let d = c + 11. Suppose d = -0*x + 5*x - 30. What are the prime factors of x?
2, 3
Let y(q) = 212*q**3 + q**2 + 3*q - 3. What are the pri